 - 12. Determine t(u).
0
Let f(q) = -43*q - 72. Let c be f(-2). Let n(g) = g**2 - 15*g + 13. Determine n(c).
-1
Let w(g) be the first derivative of g**6/180 - g**5/24 + g**4/8 - 4*g**3/3 + 2. Let v(i) be the third derivative of w(i). Let k = 25 + -22. Calculate v(k).
6
Let v(g) be the second derivative of -g**3/6 - g + 7. Determine v(5).
-5
Let w(c) = 4*c**3 + 2*c**2 + c. Let j be w(-1). Let x(m) = m**3 + m**2 - 9*m - 5. Determine x(j).
4
Let f(i) = 318*i - 589*i - 6 + 268*i. Suppose 5*x + 20 = x. Determine f(x).
9
Let o(k) = 1 + 7 - 10*k**2 - 5 + 8*k + k**3 + 0*k**3. Determine o(9).
-6
Suppose 4*u - 5*o + 1 = 0, 0 = -3*u + 4*o + 10 - 12. Let r(y) = -y**2 + 6*y - 3. Calculate r(u).
-3
Let i(q) = 3*q + 11. Let b be i(13). Let p = b + -45. Let a(x) = -4*x - 6. Let l(d) = 3*d + 6. Let v(o) = -4*a(o) - 5*l(o). Give v(p).
-1
Let w(y) be the first derivative of -y**6/360 + y**5/60 - y**4/6 + 20*y**3/3 - 16. Let p(i) be the third derivative of w(i). Calculate p(3).
-7
Let k(t) = 0*t + 6 + 7 + 2*t**3 + 6*t**2 + 2*t + t - 8. Determine k(-4).
-39
Suppose 6*q = 5*q - 41. Let h = q + 44. Let m(a) = 2*a - 2. Determine m(h).
4
Let d(r) = -19*r**2 - 7*r - 25. Let i(x) = 34*x**2 + 15*x + 47. Let n(t) = 7*d(t) + 4*i(t). Give n(-3).
7
Let y(c) = c**2 - 5*c + 6. Suppose -2*z + 5*z - 12 = 0. Let n = 73 + -73. Let a = z + n. Determine y(a).
2
Suppose -9 = -2*l - 1. Let s(v) be the third derivative of 0 - 1/60*v**5 + 9*v**2 + 1/12*v**4 + 0*v + 5/6*v**3. What is s(l)?
-3
Suppose 3*d + 3*v + 36 = 0, -v - 68 = -0*d + 5*d. Let i = -14 - d. Suppose 3*k - 4*r = 7, -2*k + k - r = i. Let m(b) = 17*b**3 + 2*b**2 - b. What is m(k)?
18
Let u(g) = 9*g - 4. Let m(w) = -w + 1. Let j(p) = -6*m(p) - u(p). Determine j(5).
-17
Let z(q) = 3*q + q - 9 - 3*q. Suppose 50 - 20 = -3*n. Let d(x) = x + 10. Let o be d(n). Determine z(o).
-9
Let b(z) be the second derivative of z**4/12 - 11*z**3/6 + 6*z**2 - 5*z. Let s be b(9). Let y(m) = -2*m - 6. What is y(s)?
6
Let y be (0 + (1 - 2))*-4. Suppose 0*x + 5*x = -v - y, -3*x + 12 = 3*v. Let p(w) = w - 1. Let s(m) = 4*m - 1. Let l(c) = -9*p(c) + 2*s(c). Give l(v).
1
Let k(j) = 2*j**3 + 9*j + 2. Let w(b) = 3*b**3 + b**2 + 10*b + 2. Let x(l) = -4*k(l) + 3*w(l). Let v(s) = -s - 7. Let y be v(-3). Give x(y).
6
Let q(f) = -6*f**2 + f. Suppose -3*k = k - 16. Suppose 2*w - 3*l - 9 = 0, -11 = -w + k*l - 4. Suppose 15 = 5*m + 5*a, -m + 10 = m + w*a. Calculate q(m).
-7
Let k(b) be the first derivative of -b**4/4 + 4. Let w(y) = -4*y + 5*y - 4 + y. Let l be w(3). What is k(l)?
-8
Let a(c) be the second derivative of c**7/2520 - c**6/240 - c**5/40 + 3*c**4 - 12*c. Let l(n) be the third derivative of a(n). Calculate l(6).
15
Let j(o) = -o**2 - 5*o + 3. Suppose 0 = -3*s - 9, -2*d - 2*s + 4 - 18 = 0. Let z(x) = -x**3 - 5*x**2 - 3*x - 2. Let b be z(d). Calculate j(b).
-3
Let r(j) = -j**2 + j + 9. Suppose 5*a = 4*v + 34, 170 - 132 = 3*a + 2*v. Determine r(a).
-81
Let b(i) = i**2 + i + 2. Let h be 5 + 40/(-28) - 4/7. Suppose -h*m = m. Calculate b(m).
2
Let o(y) = 4*y + 15. Suppose -36*u - 168 = -12*u. What is o(u)?
-13
Let v(a) = -3*a + 2. Let k(p) = -25*p + 17. Let n(u) = 6*k(u) - 51*v(u). Let r = -43 + 45. Suppose 3 = -r*x + w, -w = 3*x + 2 - 0. What is n(x)?
-3
Let p(y) = -6*y - 7. Let z be p(-2). Suppose 2*t = z*o - 17, -3*t - 7 = -t - 3*o. Let h(u) = 2*u + 1. Calculate h(t).
9
Let w = 43 + -39. Suppose 0*j + w = j. Let x(a) = a**3 - 3*a**2 - 7*a + 5. Give x(j).
-7
Let k(r) = -4*r**2 - 3*r - 1. Let t(q) = -5*q**2 - 4*q - 1. Let v(d) = 4*k(d) - 3*t(d). Let c(a) = -a**2 - 7*a + 1. Let b(m) = c(m) - 2*v(m). Give b(5).
-7
Let q(g) = -33 - 15*g - 2*g**2 + 17*g - 5*g**3 + 32. Give q(1).
-6
Suppose 0 = 5*n + 15, -n + 167 = 3*b + 2*b. Let u(h) = 4*h - 5 + b*h**2 + 4*h - 35*h**2. Determine u(5).
10
Let k(w) = 11 - w - 1 - 7. Calculate k(-6).
9
Let y(n) = n + 6. Let v be y(-9). Let l(s) = 2*s**2 - 2*s + 3. Give l(v).
27
Let j(g) = 8*g**2 + g. Let m(l) = 2*l - 6. Let c be m(5). Suppose -3*v + 22 = v - 3*s, c*v - 4*s - 24 = 0. Suppose -5 = -v*z + 9*z. Determine j(z).
7
Suppose -3*t + 5*n - 7*n - 32 = 0, -n - 1 = 0. Let k(d) = -d**2 - 11*d + 12. Calculate k(t).
22
Suppose 0 = 888*m - 906*m - 18. Let v(b) = 10*b**3 - 2*b - 1. Calculate v(m).
-9
Let v(q) be the second derivative of -q**8/6720 + q**5/10 - 5*q**4/6 - 16*q. Let x(f) be the third derivative of v(f). Calculate x(0).
12
Let y(n) = n**3 - 6*n**2 + 6*n - 1. Suppose 18*b - 148 = -19*b. Calculate y(b).
-9
Let c(p) = 12*p**3 + 3*p**2 - 23*p + 21. Let z(y) = 5*y**3 + 3*y**2 - 11*y + 10. Let g(x) = -2*c(x) + 5*z(x). Calculate g(-10).
-2
Suppose 15 = 5*w + 5*z, 2*w - 2*z + 3*z - 7 = 0. Let y be (27/(-6))/(3/w). Let x(i) = i**3 + 7*i**2 + 7*i - 7. What is x(y)?
-13
Let j(x) = -x**3 + x**2 - 1. Let h(m) = -m**3 - 3*m**2 - m + 5. Suppose n + 16 = 5*n. Suppose 0 = -3*z + n - 1. Let d(v) = z*h(v) - 2*j(v). Calculate d(5).
2
Let p(c) = 2*c - 51 + 133 - 68. Determine p(-8).
-2
Suppose 0 = -0*b + 3*b. Suppose -v - 2 = b, -w - v = -5*w + 18. Suppose -9*d + w*d = 5. Let r(a) = 3*a**3 + a**2 - 1. Calculate r(d).
-3
Let d(y) = -4*y - 4 - y + y. Let c(v) = -v + 1. Let w(u) = 9*u + 1. Let g(h) = -4*c(h) - w(h). Let s(x) = -3*d(x) + 2*g(x). Determine s(3).
8
Let h(o) = o**2 - 11*o + 5. Let x(p) = 5*p - 123. Let n be x(27). Calculate h(n).
17
Let a(o) = 4*o**2 - 4*o + 2. Suppose -2*z = 6, -46*l + 42*l = -z - 11. Give a(l).
10
Let j(h) = 1 - 90*h - h**2 + 172*h - 96*h. Determine j(-14).
1
Let q(h) be the third derivative of h**6/120 - h**5/10 + h**3/6 - 2*h**2 - 6. Determine q(6).
1
Let x(l) be the third derivative of l**5/30 - l**4/8 + 2*l**3/3 - 56*l**2. Let h = 45 + -42. Determine x(h).
13
Let b(u) = 8*u**3 - 18*u**2 - 31*u + 8. Let p(c) = 3*c**3 - 7*c**2 - 11*c + 3. Let h(j) = -4*b(j) + 11*p(j). Suppose 0 = -v + 7 - 3. Determine h(v).
-3
Let u(d) = -191*d**3 - 8*d**2 + d + 4 + 192*d**3 + 0*d**2 - 8*d. Give u(9).
22
Suppose q + 358 = -3*j - 4*q, 0 = 5*j - 5*q + 650. Let s be (16/(-14))/(36/j). Let v(g) = g**3 - 3*g**2 - 4*g + 6. What is v(s)?
6
Let h(z) = -z - 13. Let u(b) = -b**3 + 9*b**2 + 10*b - 9. Let v be u(10). Let i be h(v). Let n(g) = g**2 + 4*g - 4. Give n(i).
-4
Suppose 9*p = 8*p + 2. Suppose -4*g = -p*f + 24, 1 = -2*g - f - 3. Let a be 3 + 6*g/(-8). Let c(r) = -r**3 + 7*r**2 - 6*r + 3. Give c(a).
3
Let v(m) = -5*m - 6. Let u be v(-7). Let p = u + -17. Suppose 0 = r + 11 - p. Let j(g) = 10*g**2 - 2*g + 1. What is j(r)?
9
Let k(s) = 5*s**2 + 4*s + 5. Let a(h) = 6*h**2 + 5*h + 6. Let c = 64 + -69. Let j(l) = c*k(l) + 4*a(l). What is j(2)?
-5
Let q(k) = k**2 - 2. Suppose -10*d - 84 = -104. Determine q(d).
2
Let p(q) = -3 - 2 + 5*q + 2*q + q**2 + 2*q. Determine p(-7).
-19
Let o(q) be the second derivative of 7*q**4/24 - q**3/2 + 17*q**2/2 + 13*q. Let j(n) be the first derivative of o(n). Give j(3).
18
Let t(v) = -v + 2. Let q(s) = s + 4. Let b(z) = z**2 - 7*z. Let u be b(6). Let m be q(u). Let o be 1 - (0 + 0)/m. Calculate t(o).
1
Let y(n) = 8*n + 6. Let a = 607 - 612. Calculate y(a).
-34
Let q(m) be the third derivative of m**4/6 + m**3/6 - 2*m**2. Determine q(-2).
-7
Let h(t) = -7*t - 39. Let c be h(-6). Let o(y) = -4 + y**3 + 0*y**3 + 4*y + 2 + 3*y**2 - c*y. Suppose d - 3 = 2*d. What is o(d)?
-5
Let g be 5/10 + 9/(-2). Let z(s) = 4*s + 4*s**2 + 20*s**3 - 195 - 19*s**3 + 192. Give z(g).
-19
Suppose 7*d + 20 = 34. Let w(i) = 113 - i**2 - 109 + 0*i**2 - 3*i + 0*i**d. Let a(h) = -2*h**2 - 3*h - 2. Let o be a(-2). Determine w(o).
0
Let v(b) = b**3 + 4*b**2 - 6*b + 1. Let y be 46/(-9) - 15/(-135). Give v(y).
6
Let s(a) = 2*a**2 - 6*a**2 - 4*a - 386 - a**3 + 385. What is s(-3)?
2
Let n(h) = 6*h**3 + 8 - 10*h**3 + 5*h**3 - 6 + 5*h - 7*h**2. Determine n(6).
-4
Let q(o) = 4*o - 21. Let u be q(6). Suppose 4*k - c + 5*c = 8, -2*c = k - 2. Let x(b) = b**2 + 3*b + b**u + 1 - b**k - 5*b**2. Give x(4).
-3
Let k be 9 - (-8 - -11 - 0). Let o(x) = x**2 - 9*x + 1. What is o(k)?
-17
Suppose -153*r = -108*r - 90. Let l(f) = -12*f + 2. Determine l(r).
-22
Let n(k) = -k**2 - 7*k - 7. Let q = -13 + 13. Let x be (-1)/2*(10 - q). Let r be n(x). Let o(m) = m**2 - 4*m + 1. Calculate o(r).
-2
Let q(a) = 6*a - 1. Suppose -5*p - 20 = -15. Determine q(p).
-7
Let a(s) = s. Suppose -2*m - 4*z - 20 = -0*z, 0 = -3*m + 4*z - 10. Give a(m).
-6
Let u(h) = -h**